9
List the prime factors of 227051965.
5, 7, 71, 91369
List the prime factors of 6250700617.
7, 19, 46997749
List the prime factors of 4961003309.
4961003309
What are the prime factors of 11995763?
13, 29, 47, 677
What are the prime factors of 619670490?
2, 3, 5, 233, 88651
What are the prime factors of 1321576592?
2, 7, 11799791
List the prime factors of 4146714321.
3, 23, 29, 2072321
List the prime factors of 77747527.
11, 13, 543689
What are the prime factors of 2377481277?
3, 29, 27327371
List the prime factors of 710660626.
2, 13, 41, 379, 1759
List the prime factors of 579066850.
2, 5, 11581337
What are the prime factors of 137580919?
7, 19, 1034443
List the prime factors of 2606974074.
2, 3, 144831893
List the prime factors of 6981671516.
2, 20483, 85213
What are the prime factors of 631007542?
2, 11, 31, 43, 21517
List the prime factors of 1325928293.
347, 3821119
What are the prime factors of 7601563?
73, 101, 1031
What are the prime factors of 126997592?
2, 15874699
What are the prime factors of 33755587?
41, 173, 4759
What are the prime factors of 163891515?
3, 5, 157, 69593
What are the prime factors of 84745726?
2, 13, 250727
List the prime factors of 121793115.
3, 5, 79, 1301
What are the prime factors of 45540292?
2, 7, 139, 11701
What are the prime factors of 53398210?
2, 5, 2281, 2341
List the prime factors of 97523868.
2, 3, 13, 29, 21557
What are the prime factors of 3917196980?
2, 5, 113, 1733273
What are the prime factors of 4737035976?
2, 3, 197376499
What are the prime factors of 282101836?
2, 70525459
What are the prime factors of 7361705984?
2, 3594583
What are the prime factors of 23137255?
5, 17, 272203
List the prime factors of 35159737.
4027, 8731
What are the prime factors of 5209766339?
5209766339
What are the prime factors of 4649314?
2, 263, 8839
List the prime factors of 293826442.
2, 7, 13, 113, 157
What are the prime factors of 1676500285?
5, 335300057
List the prime factors of 40240811.
13, 179, 17293
What are the prime factors of 49993884?
2, 3, 1388719
What are the prime factors of 4504716412?
2, 7, 41, 73, 1097
What are the prime factors of 22679101?
139, 167, 977
List the prime factors of 9890879.
79, 125201
What are the prime factors of 59269508?
2, 14817377
What are the prime factors of 28511117?
28511117
What are the prime factors of 1624662967?
67, 71, 239, 1429
List the prime factors of 95666789.
59, 1621471
List the prime factors of 263534429.
41, 89, 72221
List the prime factors of 1856021389.
15619, 118831
What are the prime factors of 92833112?
2, 929, 12491
What are the prime factors of 15095106?
2, 3, 13, 21503
What are the prime factors of 122747084?
2, 241, 127331
What are the prime factors of 2528606648?
2, 61, 311, 16661
What are the prime factors of 38959193?
7, 13, 47, 9109
What are the prime factors of 183713902?
2, 211, 419, 1039
What are the prime factors of 2785300452?
2, 3, 11, 213139
What are the prime factors of 181626688?
2, 79, 35923
What are the prime factors of 13591778?
2, 29, 234341
List the prime factors of 428607966.
2, 3, 19, 73, 51503
What are the prime factors of 1565710129?
491, 3188819
List the prime factors of 399527750.
2, 5, 1598111
What are the prime factors of 339707323?
37, 9181279
List the prime factors of 399515887.
311, 1284617
List the prime factors of 476254595.
5, 95250919
List the prime factors of 383638315.
5, 67, 1145189
What are the prime factors of 77635810?
2, 5, 7, 23, 48221
List the prime factors of 455350899.
3, 17, 47, 189967
What are the prime factors of 34237517?
34237517
List the prime factors of 30641111.
30641111
What are the prime factors of 465601832?
2, 311, 187139
List the prime factors of 14184561.
3, 1069, 4423
List the prime factors of 266362907.
457, 582851
What are the prime factors of 167372358?
2, 3, 47, 593519
What are the prime factors of 89142580?
2, 5, 4457129
List the prime factors of 648620774.
2, 47, 6900221
List the prime factors of 558675028.
2, 6007, 23251
List the prime factors of 86485042.
2, 7, 6177503
List the prime factors of 27260916.
2, 3, 2271743
List the prime factors of 59411400.
2, 3, 5, 83, 1193
List the prime factors of 192414232.
2, 677, 35527
What are the prime factors of 642236837?
11, 58385167
What are the prime factors of 1197189939?
3, 11, 263, 137941
List the prime factors of 330921198.
2, 3, 18384511
List the prime factors of 164351375.
5, 43, 30577
What are the prime factors of 92897815?
5, 61, 541, 563
List the prime factors of 6469069831.
7, 41, 919, 24527
What are the prime factors of 188528160?
2, 3, 5, 392767
List the prime factors of 140248322.
2, 70124161
What are the prime factors of 206912258?
2, 7, 3023, 4889
What are the prime factors of 965807006?
2, 9649, 50047
List the prime factors of 1731698897.
17, 113, 901457
What are the prime factors of 2560036146?
2, 3, 41, 10406651
List the prime factors of 138001449.
3, 23, 41, 48781
List the prime factors of 349424539.
349424539
List the prime factors of 84778231.
84778231
List the prime factors of 24298196.
2, 13, 37, 73, 173
List the prime factors of 1153440.
2, 3, 5, 89
What are the prime factors of 75360719?
7, 23, 468079
List the prime factors of 435376900.
2, 5, 7, 79, 7873
What are the prime factors of 56185097?
56185097
List the prime factors of 111246029.
111246029
List the prime factors of 904223539.
14561, 62099
List the prime factors of 197441312.
2, 19, 127, 2557
What are the prime factors of 4443176473?
173, 25683101
What are the prime factors of 147602273?
7, 13, 43, 67, 563
What are the prime factors of 544754061?
3, 60528229
What are the prime factors of 2277400009?
379, 6008971
List the prime factors of 101220933.
3, 11, 29, 105769
List the prime factors of 91895404.
2, 17, 1351403
List the prime factors of 95354828.
2, 709, 33623
What are the prime factors of 141628815?
3, 5, 89, 35363
List the prime factors of 16804737.
3, 1867193
What are the prime factors of 858063380?
2, 5, 569, 75401
List the prime factors of 985317061.
1571, 627191
List the prime factors of 1280482051.
37, 34607623
List the prime factors of 86920704.
2, 3, 13, 1451
What are the prime factors of 13525013?
17, 795589
What are the prime factors of 3879109452?
2, 3, 37, 67, 130399
List the prime factors of 471702483.
3, 7, 7487341
List the prime factors of 188525570.
2, 5, 31, 608147
List the prime factors of 1101091749.
3, 29, 12656227
What are the prime factors of 878037254?
2, 211, 2080657
What are the prime factors of 1549753460?
2, 5, 1259, 61547
List the prime factors of 124778503.
29, 31, 138797
What are the prime factors of 1559907220?
2, 5, 19, 4105019
What are the prime factors of 3742050?
2, 3, 5, 13, 19, 101
What are the prime factors of 481531535?
5, 19, 1669, 3037
List the prime factors of 4136720976.
2, 3, 17, 97, 5807
What are the prime factors of 1516239195?
3, 5, 131, 771623
What are the prime factors of 77002708?
2, 19250677
What are the prime factors of 165671155?
5, 13, 233, 10939
List the prime factors of 654751758.
2, 3, 5581, 19553
List the prime factors of 128262916.
2, 109, 294181
What are the prime factors of 123595384?
2, 11, 127, 11059
What are the prime factors of 2237737269?
3, 745912423
What are the prime factors of 445392515?
5, 157, 211, 2689
List the prime factors of 1637979902.
2, 13, 62999227
List the prime factors of 217291819.
277, 784447
What are the prime factors of 62769498?
2, 3, 11, 951053
List the prime factors of 581292705.
3, 5, 7, 43, 128747
What are the prime factors of 627287396?
2, 389, 403141
What are the prime factors of 7330299?
3, 2443433
List the prime factors of 358205541.
3, 119401847
List the prime factors of 118808822.
2, 11, 67, 80603
What are the prime factors of 25224063?
3, 853, 9857
List the prime factors of 72097955.
5, 113, 127607
What are the prime factors of 6690642932?
2, 607, 2755619
What are the prime factors of 4753285?
5, 17, 55921
What are the prime factors of 850159877?
7, 373, 325607
List the prime factors of 991814864.
2, 53, 1169593
What are the prime factors of 9590865?
3, 5, 639391
What are the prime factors of 207540305?
5, 7, 5929723
What are the prime factors of 490412080?
2, 5, 6130151
What are the prime factors of 723630056?
2, 90453757
List the prime factors of 25